 -r. Is k a composite number?
False
Let w = 13 - 18. Let k(b) = -b**2 - 8*b + 11. Is k(w) prime?
False
Let i(f) = -f**3 + 6*f**2 + 9*f + 9. Let v be i(7). Let t = 37 - 33. Suppose 7 = x - t*m, -x + 2*m + v = 8. Is x prime?
True
Suppose 177 = k - 0*k. Is k a composite number?
True
Suppose 6*y + 2*y - 256 = 0. Let l = 23 - -28. Let u = l + y. Is u composite?
False
Suppose 0 = -5*l + 1737 + 2858. Is l a prime number?
True
Let s be (-3)/(3/12 - 1). Let y = s - 5. Is 6/((3 - 0) + y) composite?
False
Let g(r) = -77*r + 6. Is g(-11) a prime number?
True
Let m = -641 - -1140. Is m prime?
True
Suppose 3*n - 1324 = -n. Is n composite?
False
Let v be (-1 + 0)/((-2)/854). Let y = v - 300. Is y prime?
True
Suppose 463 = m - 92. Is ((-10)/(-6))/(5/m) a composite number?
True
Let x(j) be the third derivative of -1/8*j**4 + 0*j - 2*j**2 + 0 + 7/6*j**3. Is x(-6) a prime number?
False
Let s(d) = 127*d - 18. Is s(13) composite?
True
Let c(p) = -p + 5. Let f be c(4). Is 28 - 1/(f/3) composite?
True
Let z = -638 - -1234. Suppose 0 = -4*g + z + 80. Is g a prime number?
False
Let u(v) = 2*v**3 - 5*v**2 + 3*v - 2. Let d be u(3). Let i = 47 - d. Is i a composite number?
False
Let h(i) = -57*i + 14. Is h(-11) composite?
False
Suppose -3*i + 4*i + 13 = -3*d, 21 = 3*i - 3*d. Suppose 9 = 3*l, -i*p = -5*p - 4*l + 18. Suppose p*k = -k + 357. Is k a prime number?
False
Let k(m) = 3*m + 4. Is k(10) a composite number?
True
Suppose -5*g + 14 = -y, -3*g - 2*y + 5*y + 6 = 0. Suppose g - 152 = -n - c, 0 = 2*n + c - 294. Is n composite?
True
Let o(j) = 34*j**2 + 2*j + 5. Is o(-4) a prime number?
True
Suppose -2*j + 0*j + 206 = 0. Suppose 0 = 4*k - 3*k - j. Is k a composite number?
False
Let l be 2/5 - (-144)/15. Let s(r) = -r**3 + 11*r**2 + 7*r - 9. Is s(l) composite?
True
Suppose -3*l = u + 23, -15 = -3*l + 6*l - 3*u. Let m(x) = x + 17. Let h(p) = -9. Let n(w) = -5*h(w) - 3*m(w). Is n(l) a composite number?
True
Let z(t) be the second derivative of -2*t**3/3 - 2*t**2 - 8*t. Is z(-2) prime?
False
Let c(y) = 2*y**2 - 4*y - 53. Is c(19) composite?
False
Let f(o) = -44*o - 3. Let q be 4/6 - 92/12. Is f(q) a composite number?
True
Let g(u) be the second derivative of 17*u**5/20 - u**4/6 - u**2/2 - 2*u. Is g(2) prime?
True
Let w(h) = 7*h**2 + 6*h**2 + 4*h**2. Let r be w(1). Is (0 - (r + 0))*-3 composite?
True
Let m = 10 + -9. Let b(v) be the third derivative of 19*v**5/15 + v**4/24 - 3*v**2. Is b(m) prime?
False
Suppose -134 = -2*f + 2*c + 36, f - 3*c = 89. Is f composite?
False
Let d(m) = 2*m + 2. Suppose 0*f - 5*f + 10 = 0. Let u be d(f). Suppose u = -3*t, 3*p - 247 = -2*t - 2*t. Is p a prime number?
False
Let q(d) = -d**2 - d + 4. Let y be q(0). Suppose 5*a + c - 606 = 136, 0 = y*c + 12. Is a a prime number?
True
Suppose -w - 283 = -2*w. Suppose -2*l - 2*m = -268, -5*l - 5*m = -3*l - w. Is l composite?
True
Let c(p) = -p**3 - 6*p**2 - 5*p + 2. Let u be c(-5). Suppose -u*l - 48 = -4*z, z - 5*l = -4*z + 65. Is z prime?
True
Let l = 62 - -68. Is l/(-3 + 20/4) a composite number?
True
Suppose 3*j = -3*x, 3*x + 2*j - 4 = -2. Let l = 5 + x. Is l composite?
False
Suppose -4*k = -606 - 2942. Is k composite?
False
Let j(w) = -8*w**2 + 3*w + 4. Let u be j(-3). Let f = u - -190. Is f a composite number?
False
Let m be 7*-1 - (-2 + 3). Let f be 6/8 + (-506)/m. Let u = -27 + f. Is u a composite number?
False
Let o = 704 + -2386. Let d be 6/12 + o/4. Let y = -275 - d. Is y a composite number?
True
Let h = 1748 - 1036. Suppose 0 = -4*l + h - 60. Is l prime?
True
Suppose b - 6*b = 0. Suppose 3*i - 267 = -b*i. Is i a composite number?
False
Suppose b = -0*b + 251. Is b composite?
False
Suppose -2*m - 9432 = -5*m. Suppose -m + 297 = -3*l. Is l prime?
False
Is 56/21*102/8 composite?
True
Suppose -17*o = -15*o - 2882. Is o prime?
False
Let a be 23/5 + (-2)/(-5). Suppose 12 = -4*d, 0*d - 2 = -a*v - d. Is (-37)/4*v*-4 composite?
False
Let n = 1062 - 319. Is n a prime number?
True
Suppose -5*n + 5*o + 705 = 0, -2*o - o = -5*n + 709. Let c be ((-16)/10)/((-2)/5). Suppose l - 20 = -5*m, -n = -0*l - c*l + m. Is l composite?
True
Let x(t) = -t**3 + 23*t**2 - 9*t + 14. Is x(9) a prime number?
False
Is 2032/3 - (-5)/(-15) a composite number?
False
Let o be (-49 + -3)/(-2)*2. Suppose c = 343 - o. Is c a prime number?
False
Suppose 5*w = 5*q - 85, 4*q + 3*w - 144 + 55 = 0. Is ((-5)/q)/((-2)/1448) a prime number?
True
Suppose 6*x - 15 = x + 5*o, -3*o - 7 = -4*x. Is 0 + -1 + (32 - x) prime?
False
Let p = 35133 + -21124. Is p a prime number?
True
Let i = 5 + -2. Suppose 151 = g + 4*f, -i*f + 841 = 5*g + 120. Is g a prime number?
False
Let l = -697 - -1146. Is l composite?
False
Let b(d) = -2*d**3 - 4*d**2 + 6*d - 4. Let x be (-1)/2 + 27/6. Let l be b(x). Let m = l + 305. Is m a composite number?
True
Let v(p) = 2*p + 2. Let f be v(-3). Is 88 - -2*(-2)/f a prime number?
True
Let u(r) = -r**2 - r + 37. Suppose 0 = -5*t + 4*i + 12, -i + 12 = 4*t - 5*i. Is u(t) composite?
False
Let n = 153 - -633. Is (-2)/(-3*4/n) composite?
False
Suppose -k = -4*k - 3*g + 120, -5*g = 15. Is k a prime number?
True
Let f(j) = j + 10. Let w be f(-6). Let r(a) = a**3 - 5*a - 1. Is r(w) prime?
True
Suppose j = -3*f - 10, -2*j + 7*j + 5*f = -20. Is (-1)/j*1*83 composite?
False
Let t be 8/28 - (-14066)/14. Suppose 5*c + g = -g + t, -5*g = 3*c - 622. Is c a composite number?
False
Suppose 4 = -2*y - 0. Let j = 31 - y. Is j composite?
True
Let j = 8934 - 3335. Is j prime?
False
Suppose -3*a = 7*s - 4*s - 405, 0 = 3*a + 5*s - 415. Let o = 243 - a. Is o a composite number?
False
Suppose -49 = 4*t + 51. Suppose 0 = -5*d + 1 - 31. Let h = d - t. Is h prime?
True
Suppose -d + 43 = 3*y, 4*d - 3*d = y + 27. Is d prime?
True
Let n = -5 + 3. Let j be (0 - n - 0) + 120. Is j - (1 - (-3 + 1)) a composite number?
True
Let m(p) be the third derivative of p**6/240 + p**5/60 + p**4/24 - p**2. Let l(q) be the second derivative of m(q). Is l(4) a prime number?
False
Suppose -5*n + 1000 = -0*n. Let z(c) = -2*c**3 - 2*c - 1. Let x be z(-1). Suppose -x*u - 4*b = -145, 4*u - 3*b = -7*b + n. Is u a composite number?
True
Let s(p) = 12*p + 1. Suppose -5*a + c + 23 = 4*c, 4*a + 4*c - 20 = 0. Is s(a) prime?
False
Suppose 0 = -2*l + 2*z, 0 = 3*l + 3*z + 3 - 15. Let f be 2 + 0 + (l - 180). Let t = -91 - f. Is t a composite number?
True
Suppose -87 = 4*y + 3*b + 222, 2*y = -b - 153. Is (y/(-10))/(2/4) a prime number?
False
Let b(i) = 32*i - 2. Let x be b(3). Let d(o) = -o**3 - 3*o**2 + 4*o + 2. Let t be d(-4). Suppose 80 = t*y - x. Is y a prime number?
False
Suppose -2*g + 555 = -15. Suppose 2*a - 787 + g = 0. Is a prime?
True
Let a(g) = g**3 + 4*g**2 - 4. Let o be a(-3). Suppose 3*t = t + 4*n + 82, 0 = o*t + 3*n - 166. Is t composite?
True
Let t(f) = 211*f + 20. Is t(3) composite?
False
Let c(a) = -24*a**2 - a + 11. Let l(q) = -8*q**2 + 4. Let k(d) = -3*c(d) + 8*l(d). Is k(2) composite?
False
Let p(h) = -5*h - 1. Let w be p(-1). Suppose 4*j - 2*u - 10 = 0, j + 7*u + 1 = w*u. Is j/9 + (-5356)/(-36) prime?
True
Is (-4)/(-14) + (-32820)/(-84) a composite number?
True
Suppose 0 = m - 43 - 196. Suppose 25 = -2*n + m. Suppose 3*w + 4*j - n = 0, -w - j - 2*j = -34. Is w a prime number?
True
Suppose -36 = -3*o + 3*v, 4*o - 12 = -2*v - 3*v. Suppose -w - 7 = -2*u, o*w = -3*u + 3*w + 17. Suppose -s + 2*p = -53, -u*p + 0*p = s - 53. Is s a prime number?
True
Let r(c) = -c**2 - 9*c + 12. Let q be r(-10). Suppose q*d - 85 + 19 = 0. Is d a composite number?
True
Suppose -4*u + 1385 = -3*x, -3*u + x = 2*u - 1734. Is u prime?
True
Let c(i) = 13*i**2 - 2*i - 2. Suppose 5*v + 3 = 83. Let n be 44/v + 1/4. Is c(n) prime?
True
Suppose -y + 3 = 17. Let g = y + 73. Is g composite?
False
Let k = -618 + 880. Suppose 0 = -4*z + 70 + k. Is z a composite number?
False
Let h = 0 + 3. Suppose h*g - 4 = 2*g. Suppose 3*x + 119 = g*x. Is x prime?
False
Let f(r) = r**2 + 2*r + 3. Let g be f(-3). Let q(a) = -a**2 + 10*a - 5. Is q(g) composite?
False
Let i = -52 - -83. Is i composite?
False
Let i(z) = -1. Let j(n) = 15*n - 8. Let x(k) = -5*i(k) + j(k). Is x(4) a prime number?
False
Suppose 0 = 3*a - 2*x - 88, 0 = -2*x + 1 + 1. Suppose -a + 240 = 3*n. Is (-1 + n)/(6/6) a prime number?
False
Let q be ((-2)/(-6))/(9/54). Suppose z + 2*b - 84 = b, 5*z = -q*b + 435. Is z a prime number?
True
Let t = 143 + -